 hundreds digit of 11315?
3
What is the tens digit of 9197?
9
What is the hundreds digit of 11281?
2
What is the tens digit of 11?
1
What is the ten thousands digit of 40188?
4
What is the units digit of 8343?
3
What is the thousands digit of 4344?
4
What is the units digit of 544?
4
What is the thousands digit of 84098?
4
What is the units digit of 4482?
2
What is the units digit of 200?
0
What is the tens digit of 90323?
2
What is the thousands digit of 21908?
1
What is the tens digit of 7099?
9
What is the thousands digit of 24255?
4
What is the hundreds digit of 1454?
4
What is the units digit of 2218?
8
What is the ten thousands digit of 10503?
1
What is the units digit of 1100?
0
What is the units digit of 299?
9
What is the thousands digit of 8676?
8
What is the hundreds digit of 2268?
2
What is the thousands digit of 2940?
2
What is the hundreds digit of 644?
6
What is the hundreds digit of 19398?
3
What is the hundreds digit of 402?
4
What is the thousands digit of 8540?
8
What is the hundreds digit of 8295?
2
What is the hundreds digit of 19633?
6
What is the tens digit of 7114?
1
What is the units digit of 4442?
2
What is the tens digit of 33873?
7
What is the hundreds digit of 1643?
6
What is the tens digit of 149396?
9
What is the hundreds digit of 92011?
0
What is the tens digit of 4477?
7
What is the hundreds digit of 309?
3
What is the units digit of 9301?
1
What is the thousands digit of 16886?
6
What is the hundreds digit of 3672?
6
What is the hundreds digit of 3468?
4
What is the hundreds digit of 1705?
7
What is the units digit of 9195?
5
What is the thousands digit of 2263?
2
What is the tens digit of 3318?
1
What is the tens digit of 880?
8
What is the units digit of 8710?
0
What is the tens digit of 9306?
0
What is the tens digit of 19374?
7
What is the thousands digit of 40420?
0
What is the units digit of 1400?
0
What is the ten thousands digit of 13133?
1
What is the units digit of 2169?
9
What is the units digit of 25455?
5
What is the units digit of 1140?
0
What is the tens digit of 6347?
4
What is the hundreds digit of 2407?
4
What is the units digit of 8720?
0
What is the units digit of 12335?
5
What is the hundreds digit of 3430?
4
What is the hundreds digit of 747?
7
What is the tens digit of 5077?
7
What is the ten thousands digit of 44514?
4
What is the thousands digit of 136841?
6
What is the units digit of 2090?
0
What is the units digit of 12673?
3
What is the hundreds digit of 14596?
5
What is the units digit of 37?
7
What is the hundreds digit of 1626?
6
What is the thousands digit of 4267?
4
What is the units digit of 19217?
7
What is the thousands digit of 7142?
7
What is the hundreds digit of 5838?
8
What is the units digit of 7438?
8
What is the thousands digit of 20097?
0
What is the ten thousands digit of 39253?
3
What is the ten thousands digit of 71167?
7
What is the thousands digit of 12645?
2
What is the tens digit of 3062?
6
What is the thousands digit of 63399?
3
What is the tens digit of 85252?
5
What is the hundreds digit of 463?
4
What is the tens digit of 58040?
4
What is the tens digit of 23606?
0
What is the thousands digit of 26423?
6
What is the ten thousands digit of 12960?
1
What is the tens digit of 25707?
0
What is the units digit of 3427?
7
What is the hundreds digit of 3221?
2
What is the hundreds digit of 1004?
0
What is the thousands digit of 3182?
3
What is the units digit of 14060?
0
What is the units digit of 1870?
0
What is the units digit of 561?
1
What is the thousands digit of 3352?
3
What is the tens digit of 1788?
8
What is the thousands digit of 2244?
2
What is the hundreds digit of 26143?
1
What is the units digit of 2704?
4
What is the units digit of 1546?
6
What is the ten thousands digit of 10974?
1
What is the units digit of 4634?
4
What is the hundreds digit of 151900?
9
What is the hundreds digit of 6123?
1
What is the hundreds digit of 9735?
7
What is the units digit of 875?
5
What is the tens digit of 966?
6
What is the hundreds digit of 242?
2
What is the tens digit of 76?
7
What is the tens digit of 43?
4
What is the hundreds digit of 1668?
6
What is the hundreds digit of 419?
4
What is the units digit of 740?
0
What is the hundreds digit of 412?
4
What is the units digit of 3750?
0
What is the thousands digit of 3776?
3
What is the hundreds digit of 47656?
6
What is the hundreds digit of 19303?
3
What is the thousands digit of 7929?
7
What is the tens digit of 107?
0
What is the tens digit of 10?
1
What is the hundreds digit of 197?
1
What is the tens digit of 433?
3
What is the units digit of 1678?
8
What is the tens digit of 88899?
9
What is the thousands digit of 4414?
4
What is the tens digit of 7012?
1
What is the hundreds digit of 1677?
6
What is the units digit of 159?
9
What is the hundreds digit of 280?
2
What is the tens digit of 2079?
7
What is the tens digit of 3184?
8
What is the tens digit of 150?
5
What is the hundreds digit of 21442?
4
What is the units digit of 3346?
6
What is the thousands digit of 1518?
1
What is the tens digit of 25668?
6
What is the tens digit of 13443?
4
What is the thousands digit of 7024?
7
What is the tens digit of 1678?
7
What is the thousands digit of 4156?
4
What is the tens digit of 4523?
2
What is the units digit of 190?
0
What is the units digit of 905?
5
What is the units digit of 884?
4
What is the thousands digit of 1857?
1
What is the thousands digit of 2009?
2
What is the units digit of 101232?
2
What is the units digit of 24819?
9
What is the thousands digit of 5859?
5
What is the thousands digit of 17494?
7
What is the hundreds digit of 4716?
7
What is the hundreds digit of 1171?
1
What is the hundreds digit of 82136?
1
What is the tens digit of 1115?
1
What is the units digit of 1479?
9
What is the units digit of 45653?
3
What is the units digit of 185801?
1
What is the units digit of 72253?
3
What is the units digit of 61099?
9
What is the tens digit of 7901?
0
What is the thousands digit of 74586?
4
What is the units digit of 814?
4
What is the thousands digit of 1586?
1
What is the units digit of 56567?
7
What is the units digit of 490?
0
What is the tens digit of 758?
5
What is the hundreds digit of 62784?
7
What is the units digit of 2284?
4
What is the tens digit of 146308?
0
What is the units digit of 889?
9
What is the thousands digit of 12341?
2
What is the thousands digit of 1587?
1
What is the units digit of 61652?
2
What is the tens digit of 94057?
5
What is the tens digit of 680?
8
What is the hundreds digit of 3378?
3
What is the thousands digit of 52049?
2
What is the thousands digit of 1612?
1
What is the tens digit of 4920?
2
What is the units digit of 1437?
7
What is the tens digit of 72016?
1
What is the tens digit of 54053?
5
What is the thousands digit of 2320?
2
What is the thousands digit of 6613?
6
What is the units digit of 248?
8
What is the tens digit of 2868?
6
What is the tens digit of 2320?
2
What is the ten thousands digit of 19619?
1
What is the hundreds digit of 927?
9
What is the thousands digit of 17917?
7
What is the thousands digit of 11972?
1
What is the tens digit of 79434?
3
What is the tens digit of 2183?
8
What is the hundreds digit of 21260?
2
What is the tens digit of 2770?
7
What is the hundreds digit of 1337?
3
What is the units digit of 2674?
4
What is the thousands digit of 1562?
1
What is the units digit of 1145?
5
What is the hundreds digit of 2285?
2
What is the thousands digit of 24155?
4
What is the hundreds digit of 9511?
5
What is the units digit of 5362?
2
What is the hundreds digit of 1189?
1
What is the ten thousands digit of 101449?
0
What is the ten thousands digit of 18176?
1
What is the tens digit of 4650?
5
What is the thousands digit of 46155?
6
What is the hundreds digit of 1572?
5
What is the units digit of 5521?
1
What is the units digit of 195?
5
What is the units digit of 23518?
8
What is the hundreds digit of 2739?
7
What is the ten thousands digit of 35118?
3
What is the ten thousands digit of 46052?
4
What is the thousands digit of 51161?
1
What is the tens digit of 38743?
4
What is the units digit of 27051?
1
What is the thousands digit of 1018?
1
What is the thousands digit of 4629?
4
What is the thousands digit of 141900?